+ m. Calculate the remainder when 30 is divided by j.
8
Let v(n) = 3*n - n - n + 12 - 2*n. Calculate the remainder when v(5) is divided by 4.
3
What is the remainder when (-1036)/(-42)*(-3)/(-2) is divided by 13?
11
Suppose 4 = -4*q + 56. What is the remainder when 49 is divided by q?
10
Let n(p) = 17*p**3 + 2*p**2 - p - 1. What is the remainder when 30 is divided by n(1)?
13
Suppose 3*b + 4 = l + b, 4*b - 16 = 0. Suppose -8 - l = -5*k. Calculate the remainder when 7 is divided by k.
3
Suppose -2 = -4*c + 3*c. Suppose -3*q = c*k + 7, -2*k + 14 = 4*q - 4*k. What is the remainder when (0 - q)/(1/(-31)) is divided by 11?
9
Suppose 9*q - 21*q = -120. What is the remainder when q is divided by 7?
3
Let w = 14 - -1. Let o = 12 - 1. Let s = w - o. Calculate the remainder when s is divided by 2.
0
Let r(j) = -j + 11. Let s(l) = l**2 + 7*l + 5. Let o be 174/(-21) - (-2)/7. What is the remainder when s(o) is divided by r(6)?
3
Suppose -308 = -3*n - d, 0 = 5*n - 4*d - 181 - 321. What is the remainder when n is divided by 21?
18
Suppose -2*q = t + 9, 3*t + 4*q - 3*q + 2 = 0. Suppose -3*r + t = 3*p - 14, 5*r - 5*p - 65 = 0. Calculate the remainder when 15 is divided by r.
6
Let j(x) = 4*x + 5. Calculate the remainder when j(11) is divided by 17.
15
Suppose 11*o - 77 = 4*o. Suppose -k + 98 = 3*x, 136 = 7*x - 3*x + 4*k. Calculate the remainder when x is divided by o.
10
Suppose 2*w - 68 = -4*m, 6*w - m = 2*w + 154. Let b be 0 + 19 - (-8 - -10). Let j = w - b. What is the remainder when j is divided by 12?
9
Let g(i) = 10*i**2 + i + 1. Let u be (3 - 3) + 1 + -2. Suppose 2*a - 7*a = -145. Calculate the remainder when a is divided by g(u).
9
Suppose 5*b = -51 + 296. What is the remainder when b is divided by 26?
23
Calculate the remainder when (-2)/((-12)/70) + (-4)/6 is divided by 8.
3
What is the remainder when 29 is divided by (0 + -2)*(-90)/12?
14
Suppose 5*w = -5*k + 41 + 69, -5*w - 4*k + 110 = 0. Calculate the remainder when 151 is divided by w.
19
Suppose 97 = 2*b + 39. Suppose y + 2*y + 6 = 0, -2*v = y - 168. What is the remainder when v is divided by b?
27
What is the remainder when 23 is divided by (-3 + -9)/(1*-2)?
5
Let s = -21 - -32. Calculate the remainder when 42 is divided by s.
9
Suppose 0 = -3*l - l - 44. What is the remainder when 4/22 - 328/l is divided by 16?
14
Suppose 7*y = y + 138. Let p = 31 + -19. What is the remainder when y is divided by p?
11
Suppose n = -0 + 8. Suppose -6*q = -4*q - 60. What is the remainder when q is divided by n?
6
Suppose -3*k = -2*k - 7. Suppose 0 = 3*n - 17 - 7. Let l = -4 + n. Calculate the remainder when k is divided by l.
3
Suppose -40 = -6*s + 2*s. Calculate the remainder when 22 is divided by s.
2
Let n = -34 - -68. Let p = -12 + 30. Calculate the remainder when n is divided by p.
16
Suppose -4*o + 3 = -1. Let c = -1 - 1. What is the remainder when c*o*(-28)/8 is divided by 4?
3
Let l(o) = -o**3 + 2*o. Let p be l(3). Let q = 0 - p. Calculate the remainder when q is divided by 12.
9
Suppose 0 = 3*w - 9. Calculate the remainder when 32 is divided by w.
2
Suppose 53 - 248 = -5*a. Suppose 0 = -4*l + 7*l - a. Calculate the remainder when 51 is divided by l.
12
Let c(p) = 50*p + 9. Calculate the remainder when c(1) is divided by 20.
19
Let h = -11 - -4. What is the remainder when 39 is divided by (-138)/h + 4/14?
19
Suppose -4*b = -312 + 40. What is the remainder when b is divided by 23?
22
Let g(r) = r**3 + 3*r**2 + r. Suppose -8 = -2*t + 2*u, -3*t + 12 = -2*t - 5*u. Suppose t*o = o + 3. Calculate the remainder when o is divided by g(-2).
1
Let m = 118 - 112. What is the remainder when 83 is divided by m?
5
Let h(t) = t**2 - 2 + 1 - 3. Suppose g - 8 = -3*g, 0 = -3*j - 5*g + 79. Calculate the remainder when j is divided by h(-4).
11
Suppose -13*j = -6*j - 77. Calculate the remainder when j is divided by 3.
2
Let y(i) = -i**2 + 9*i + 2. Let t(s) = -s**3 - 5*s**2 - 6*s - 4. Suppose -5*r - 9 = 11. Let a be t(r). Calculate the remainder when y(a) is divided by 12.
10
Suppose v - 12 = -4*c, -c - 5*v - 2 = -5. Let l(b) = 2*b**2 + 2*b + 1. What is the remainder when l(c) is divided by 9?
7
Suppose -9 = -2*x + 9. What is the remainder when 17 is divided by x?
8
Suppose 16*m - 14*m = 46. What is the remainder when 44 is divided by m?
21
Let v = 60 - 41. Suppose -5 - v = -3*f - 3*o, 4*o + 28 = 2*f. Let y = -38 - -66. Calculate the remainder when y is divided by f.
8
Suppose -551 = -46*y + 17*y. Suppose 2*l = 3*l. Suppose l*a - 10 = -a. What is the remainder when y is divided by a?
9
Suppose 5*l + 0*l - 30 = 0. Suppose -52 = -3*g - 13. What is the remainder when (l/4)/((-6)/(-152)) is divided by g?
12
Suppose -6 = 2*x + 4. Let s = x - -17. What is the remainder when 21 is divided by s?
9
Suppose 0 = -3*d + 50 - 5. Let i be (-29)/2 + 1/2. What is the remainder when (-620)/i + 2/(-7) is divided by d?
14
Let b(s) = 6*s + 9. Suppose i = 6*i - 90. What is the remainder when b(4) is divided by i?
15
Let x(g) = 3*g + 24. Calculate the remainder when x(0) is divided by 10.
4
Let i be (-1)/(((-2)/(-7))/(-2)). Let o(n) = n - 1. Let g be o(4). Suppose i*r - g*r = 4. What is the remainder when r is divided by 1?
0
Suppose -2*l + 25 = 5*h, 0 = 3*l + h - 4*h - 90. What is the remainder when 98 is divided by l?
23
Let o = 18 - 12. What is the remainder when o is divided by 3?
0
Let c = 20 - 24. Let g = c + 12. What is the remainder when g is divided by 3?
2
Let l be (-86)/(-4) - (-3)/(-6). Suppose 2*m - l = -5. Let z(q) = -q**2 + 10*q - 10. What is the remainder when 11 is divided by z(m)?
5
Let k(w) = -2*w - 7. Let l(u) = -5*u - 1. Suppose 0 = r + 2*r + 12. Calculate the remainder when l(r) is divided by k(-7).
5
Suppose v = -4*m + 27, -v + 0*v + 2*m = -3. Calculate the remainder when 14/(-21)*(-126)/4 is divided by v.
10
Let x(s) = s - 3. Let y be x(0). Let p(t) = -t - 3. Let n be p(y). Suppose n = -d + 3 + 10. Calculate the remainder when 25 is divided by d.
12
Let g(h) = -h**3 - 8*h**2 - 9*h + 1. Let n be (0 + 1)/(3/6). Suppose -4*d + 27 = i, n*d - i = -d + 29. Calculate the remainder when g(-7) is divided by d.
7
Suppose s + 105 = 8*s. What is the remainder when 74 is divided by s?
14
Let g = 193 - 73. Suppose -4*d + g = d. What is the remainder when d is divided by 13?
11
Suppose -b - 88 = -5*b. Suppose 0 = 5*t - b + 2. Calculate the remainder when 9 is divided by t.
1
Let o(j) = 3*j**2 + 8*j + 6. What is the remainder when o(-5) is divided by 11?
8
Suppose -12 = -5*c + 4*c. Suppose 0 = 4*p + 4*q - 140, 0 = -5*p + 3*p + 3*q + 70. Calculate the remainder when p is divided by c.
11
Let l(t) = -14*t - 13. Calculate the remainder when l(-3) is divided by 16.
13
Let g(q) = -q**3 + 8*q**2 + 7*q + 1. Let i be g(8). Let j = i - 16. What is the remainder when j is divided by 14?
13
Let a = -32 + 48. What is the remainder when 55 is divided by a?
7
Suppose -p + 44 = 3*u + 2*u, -3*u = -5*p + 136. What is the remainder when 43 is divided by p?
14
Suppose 0 = -o - 3*o + 76. What is the remainder when 55 is divided by o?
17
Let l = -5 + 5. Suppose 0 = -v - l*v. Suppose 2*j + j - 6 = v. What is the remainder when 3 is divided by j?
1
Let s(m) = -m**2 + m. Let c be s(-6). Calculate the remainder when 18 is divided by c/(-4) + 2/(-4).
8
Suppose -4*v = 3*a - 195, v - 325 = -5*a + 5*v. Suppose 71 = 3*f - 5*r, -4*f + 93 = -6*r + r. Calculate the remainder when a is divided by f.
21
Let q(s) = s**2 + 22*s - 16. What is the remainder when 8 is divided by q(-23)?
1
Let g(b) = -b**2 - b + 12. What is the remainder when 46 is divided by g(0)?
10
Suppose 0 = 28*d - 29*d + 29. Calculate the remainder when d is divided by 9.
2
Suppose -3*u - u + 44 = 0. Suppose -4*m + 4*o = -36, u = -2*m - 4*o - 1. Calculate the remainder when m is divided by 3.
1
Let c = -4 - -2. What is the remainder when 8 is divided by 2/2 + c/(-1)?
2
Let w(c) = 13*c + 61. What is the remainder when w(9) is divided by 46?
40
What is the remainder when 12/3 - (2 + (-40)/1) is divided by 15?
12
Suppose 132 = 2*o - 78. What is the remainder when o is divided by 18?
15
Let x(r) = -r + 4. Let i be x(0). Suppose -m + 120 = i*m. What is the remainder when 71 is divided by m?
23
Calculate the remainder when (-8 - (-66)/9)*(-150)/4 is divided by 8.
1
Let l be 2/(2/9*3). Suppose l*r = -2*x - 